71 a composite number?
True
Is 593833 prime?
False
Is 21859 composite?
False
Is 321601 composite?
True
Is 653071 a composite number?
True
Is 1511 composite?
False
Is 3979 a prime number?
False
Is 214681 a composite number?
True
Is 35761 a prime number?
False
Is 79031 a prime number?
True
Is 4813469 a prime number?
True
Is 153607 prime?
True
Is 29793 composite?
True
Is 19387 a composite number?
False
Is 247487 prime?
False
Is 1729439 composite?
True
Is 271769 a composite number?
False
Is 6433 composite?
True
Is 967 composite?
False
Is 21541 a prime number?
False
Is 80419 prime?
False
Is 1607887 composite?
True
Is 28789 prime?
True
Is 225061 a composite number?
False
Is 715961 a prime number?
True
Is 7321 prime?
True
Is 356023 a prime number?
True
Is 555053 a composite number?
False
Is 39723 a composite number?
True
Is 120847 prime?
True
Is 114877 prime?
False
Is 358373 composite?
False
Is 207277 a composite number?
True
Is 45607 prime?
False
Is 1537 prime?
False
Is 3761 a prime number?
True
Is 41731 a composite number?
True
Is 1686191 prime?
False
Is 256873 a prime number?
True
Is 22433 a composite number?
False
Is 11707 composite?
True
Is 10907 composite?
True
Is 526 composite?
True
Is 116931 a prime number?
False
Is 537617 a composite number?
True
Is 17569 a composite number?
False
Is 10299 composite?
True
Is 444079 a composite number?
False
Is 85793 prime?
True
Is 3085 a prime number?
False
Is 1409 a prime number?
True
Is 22319 a prime number?
False
Is 80851 a prime number?
False
Is 139571 a composite number?
False
Is 140873 a composite number?
True
Is 411919 composite?
False
Is 1828735 prime?
False
Is 37 composite?
False
Is 108627 prime?
False
Is 9293 a composite number?
False
Is 122851 a composite number?
True
Is 967 a composite number?
False
Is 11273 a prime number?
True
Is 57637 composite?
False
Is 1847 composite?
False
Is 11201 prime?
False
Is 24317 prime?
True
Is 68863 a prime number?
True
Is 160309 a composite number?
False
Is 420149 a prime number?
True
Is 1657 a prime number?
True
Is 1312161 a prime number?
False
Is 51943 prime?
False
Is 24617 a composite number?
True
Is 44009 prime?
False
Is 6773 a prime number?
False
Is 313211 prime?
True
Is 46391 a prime number?
False
Is 279491 a prime number?
False
Is 57721 a composite number?
True
Is 4661 a composite number?
True
Is 18773 a prime number?
True
Is 9358 a composite number?
True
Is 50891 prime?
True
Is 5143 composite?
True
Is 804539 prime?
False
Is 14173 composite?
False
Is 643273 a prime number?
True
Is 3907 a composite number?
False
Is 33871 prime?
True
Is 1087 prime?
True
Is 877817 a composite number?
False
Is 5961 prime?
False
Is 2777 composite?
False
Is 3093 prime?
False
Is 1555901 prime?
True
Is 45271 a prime number?
False
Is 13649 composite?
False
Is 68071 a composite number?
False
Is 114547 composite?
False
Is 34583 a composite number?
False
Is 17517 composite?
True
Is 20707 composite?
False
Is 18965 a composite number?
True
Is 5471185 a composite number?
True
Is 109019 a prime number?
False
Is 21347 composite?
False
Is 618799 a prime number?
True
Is 17371 a composite number?
True
Is 7566007 a composite number?
False
Is 1908035 composite?
True
Is 14617 a composite number?
True
Is 62683 a prime number?
True
Is 58 prime?
False
Is 83339 a composite number?
False
Is 2574113 prime?
True
Is 2307 composite?
True
Is 790681 prime?
False
Is 16237 prime?
False
Is 1394801 a prime number?
False
Is 65293 a composite number?
False
Is 12399 prime?
False
Is 1978313 a composite number?
False
Is 15527 prime?
True
Is 1866831 prime?
False
Is 1140709 a composite number?
False
Is 339407 a composite number?
True
Is 16283 composite?
True
Is 200463 composite?
True
Is 9601 a composite number?
False
Is 6459 a composite number?
True
Is 5059 composite?
False
Is 299759 a composite number?
True
Is 36029 prime?
False
Is 49886 composite?
True
Is 10294 a composite number?
True
Is 12641 composite?
False
Is 19277 a prime number?
False
Is 4201 a composite number?
False
Is 202121 a prime number?
True
Is 30863 prime?
False
Is 2910113 composite?
True
Is 758159 a composite number?
False
Is 7627 a prime number?
False
Is 205718 a prime number?
False
Is 512333 composite?
False
Is 1721 a composite number?
False
Is 407617 prime?
False
Is 392663 a prime number?
True
Is 492661 composite?
True
Is 93419 a composite number?
False
Is 42611 a prime number?
True
Is 86813 a composite number?
False
Is 34093 composite?
True
Is 4271 a prime number?
True
Is 3616963 a composite number?
True
Is 22889 prime?
False
Is 23399 composite?
False
Is 253763 composite?
False
Is 8263 a composite number?
False
Is 320351 a composite number?
True
Is 179 prime?
True
Is 318671 composite?
False
Is 473411 a prime number?
True
Is 16517 prime?
False
Is 1294 a prime number?
False
Is 472315 prime?
False
Is 38993 composite?
False
Is 478567 prime?
False
Is 27187 a prime number?
False
Is 108739 prime?
True
Is 616043 prime?
False
Is 253417 prime?
True
Is 20329 prime?
False
Is 80071 a composite number?
False
Is 2077319 prime?
True
Is 159415 prime?
False
Is 290065 a composite number?
True
Is 5273 prime?
True
Is 2731 composite?
False
Is 1991677 a composite number?
False
Is 1878797 composite?
True
Is 342773 a composite number?
True
Is 13343 a prime number?
False
Is 233429 prime?
False
Is 1293 a composite number?
True
Is 26491 a composite number?
True
Is 195229 a composite number?
False
Is 11057 a prime number?
True
Is 51949 a prime number?
True
Is 125707 composite?
False
Is 21239 prime?
False
Is 10709 composite?
False
Is 101399 a composite number?
False
Is 2569 prime?
False
Is 3155 composite?
True
Is 10639 a prime number?
True
Is 41771 a prime number?
True
Is 14979 a composite number?
True
Is 145 composite?
True
Is 74551 a composite number?
False
Is 2437 a composite number?
False
Is 428957 prime?
True
Is 2111 composite?
False
Is 1719143 a composite number?
False
Is 3339935 prime?
False
Is 106679 a composite number?
True
Is 187235 composite?
True
Is 166249 a composite number?
True
Is 717319 composite?
True
Is 342322 a prime number?
False
Is 6007 a composite number?
False
Is 9197 a composite number?
True
Is 6197 prime?
True
Is 244163 a prime number?
False
Is 105319 composite?
False
Is 20759 a prime number?
True
Is 468793 composite?
True
Is 40195 composite?
True
Is 202263 composite?
True
Is 52807 prime?
True
Is 207367 a prime number?
True
Is 203141 a composite number?
False
Is 107441 prime?
True
Is 12611 prime?
True
Is 8247 a prime number?
False
Is 20369 a composite number?
False
Is 48277 composite?
True
Is 3847 a prime number?
True
Is 72374 a prime number?
False
Is 143339 a prime number?
False
Is 119099 a composite number?
False
Is 1000585 composite?
True
Is 1592417 prime?
False
Is 64763 composite?
False
Is 59903 prime?
False
Is 19091 prime?
False
Is 9487 a composite number?
True
Is 66517 composite?
True
Is 522157 a prime number?
True
Is 19174 a composite number?
True
Is 6598 composite?
True
Is 194191 a prime number?
False
Is 2931 a composite number?
True
Is 2665177 composite?
False
Is 34229 composite?
True
Is 1214 prime?
False
Is 241729 prime?
False
Is 13771 prime?
False
Is 237587 a prime number?
False
Is 5567 composite?
True
Is 1151363 prime?
True
Is 959 a composite number?
True
Is 27553 a prime number?
False
Is 68831 composite?
True
Is 151817 composite?
False
Is 1513 a prime number?
False
Is 1637 a prime number?
True
Is 10873 a composite number?
True
Is 31495 a composite number?
True
Is 1307489 a prime number?
False
Is 54401 composite?
False
Is 23741 prime?
True
Is 25195 a prime number?
False
Is 156067 composite?
True
Is 46723 a composite number?
False
Is 307315 composite?
True
Is 132887 composite?
False
Is 760127 composite?
True
Is 11957 composite?
True
Is 900527 composite?
True
Is 19373 a composite number?
False
Is 14971 prime?
False
Is 25523 a prime number?
True
Is 371701 prime?
False
Is 113755 prime?
False
Is 46741 composite?
True
Is 26279 composite?
True
Is 125683 a prime number?
True
Is 57973 composite?
False
Is 13591 a composite number?
False
Is 132199 prime?
True
Is 31687 a composite number?
False
Is 453943 prime?
False
Is 435657 a composite number?
True
Is 62179 prime?
False
Is 2678714 composite?
True
Is 7159 composite?
False
Is 2611 composite?
True